
2, 3
Suppose -16*h = -10*h - 840. What are the prime factors of h?
2, 5, 7
Suppose 0*v = -5*r - 4*v + 63, -2*r = -v - 33. Suppose 6*o - 24 = 2*o. Let m = r - o. List the prime factors of m.
3
Let g = -4 - -2. List the prime factors of ((-25)/g)/(2/4).
5
Let d(v) = -v**3 + 27*v**2 - 40*v - 27. What are the prime factors of d(25)?
223
Let k(t) = t**2 - 17*t + 22. Let j be k(14). Let x = 6 + -12. Let y = x - j. What are the prime factors of y?
2, 7
Let p = 19 - 9. Suppose 30 - p = -i. Let d = -13 - i. What are the prime factors of d?
7
Let w(p) = -p**2 - p + 3. Let f be w(-4). Let o = f - -16. List the prime factors of o.
7
Let z(a) be the second derivative of a**4/12 + 9*a**2 + 2*a. List the prime factors of z(0).
2, 3
Let y(u) = -10*u + 22. List the prime factors of y(-9).
2, 7
Suppose y = 5*i + 31, i = y + 3*i - 10. What are the prime factors of y - 4*(-1)/2?
2, 3
List the prime factors of 0 + 3/3 - -10.
11
What are the prime factors of ((-124)/(-5))/(2/5)?
2, 31
Let i = 45 + -10. Let c(x) = x**2 - 16*x - 20. Let t be c(16). Let y = t + i. List the prime factors of y.
3, 5
Let w(d) = d**3 + 15*d**2 - 17*d + 8. Let q be w(-16). Suppose 84 - q = 5*m. List the prime factors of m.
2, 3
Suppose -5 = -3*x - 5*r, 5*r - 46 + 16 = 2*x. Let c = -3 - x. List the prime factors of c.
2
Suppose 15*l - 792 = 7*l. List the prime factors of l.
3, 11
Suppose 0 = 4*h - 4*v - 52, 2*v - 6 = 4. What are the prime factors of h?
2, 3
Suppose -4*r = 5*b + 16 + 13, 5 = -5*r. Let h = 0 - 1. List the prime factors of (0 - h)*(1 - b).
2, 3
Let c(w) = 2*w**2 + 1. Let u be c(-2). Let v = u - 2. Let h(a) = -a**3 + 8*a**2 - 7*a + 10. What are the prime factors of h(v)?
2, 5
Let m(o) = 4*o + 7. What are the prime factors of m(6)?
31
Let o(n) = -n**3 + 9*n**2 - 2*n + 12. Let z be o(9). List the prime factors of 36/z*(-3)/2.
3
Let l(x) = -6 + 2*x + 0 - 3*x. Let n be l(-9). Suppose -5*v = 4*t - 7, 2*t - n*v = v + 10. List the prime factors of t.
3
Let c be 2/4*(-1 + 3). Let n(r) = -c - r + 2*r + 2. What are the prime factors of n(1)?
2
Let f(d) = -d**2 + 4*d. Let u(c) = c. Let q(x) = f(x) + 3*u(x). Let r be q(7). What are the prime factors of 17/(r - (-1)/1)?
17
Let p = -1 - -2. List the prime factors of p + 2 - -6 - -2.
11
Let w = -21 + 31. Let l = 15 - w. What are the prime factors of l?
5
Let u be 2 - (-2)/4*0. Suppose t - 78 = -u*t. Suppose -5*o - 38 = -4*n, 3*n + 4*o - 18 = t. List the prime factors of n.
2, 3
Let i = -5 - 8. Let p = 20 + i. Let q = p + -4. List the prime factors of q.
3
Let i = -7 - -5. Let o = 9 - i. What are the prime factors of o?
11
Let k(y) = 2*y - 4. Let x be k(9). Let g = 1 + x. List the prime factors of g.
3, 5
Let h = -44 + 114. List the prime factors of h.
2, 5, 7
Suppose -3*j + 34 = -59. List the prime factors of j.
31
Let u(t) = t**3 + 7*t**2 + 3*t + 6. List the prime factors of u(-6).
2, 3
Let x(z) = -z**3 + z + 5. Let j(c) = c**3 - c**2 - 4. Let o(n) = 5*j(n) + 4*x(n). Let r be o(4). Suppose r = 2*q + q - 27. List the prime factors of q.
3
Let d be (-7)/(-2*4/104). Suppose 5*h - 39 = d. List the prime factors of h.
2, 13
Suppose 0*y = 2*y - 10, -2 = 4*o + 2*y. Let h = 1 - o. Suppose x = -w + 5*w - 7, 3*w - h = x. What are the prime factors of x?
5
Let n be ((-2)/(-4))/(4/24). Suppose 8 = -5*u + a + 35, -n*u = -4*a - 23. Let o(g) = g**3 - 6*g**2 + 5*g + 4. List the prime factors of o(u).
2
Let i = 6 + -3. Suppose -2*v + i*y = -18 - 6, -5*v + y = -73. What are the prime factors of v?
3, 5
Let f(v) = -4*v - 14. Suppose 3*k - 3 = 0, -4*k = -6*z + z - 39. What are the prime factors of f(z)?
2, 7
Suppose -4*f + 8 = 2*t - 8*f, 4*t - 42 = -5*f. Let v = 4 - t. List the prime factors of (-1)/v + 110/8.
2, 7
Let k = 26 + -7. Let z = k + 8. What are the prime factors of z?
3
Suppose 3*o + 4*a - 108 = a, -2*o + 4*a = -54. List the prime factors of o.
3, 11
Let k = -7 - -11. Suppose 2*f - v = 3*v + 26, -k*f - 5*v + 78 = 0. List the prime factors of f*(-2 + 4 + -1).
17
Suppose -2*w + n + 23 = -0*w, -5*n = -5. Suppose -p + w = -3*p. What are the prime factors of (35 - 1)*(-3)/p?
17
Let c(g) = g**2 - 7*g - 10. List the prime factors of c(10).
2, 5
Let f = 0 + 6. List the prime factors of 26/3 - 4/f.
2
Let p(f) = -6*f**3 - 2*f**2 - f + 2. List the prime factors of p(-2).
2, 11
Let g = 522 - 357. List the prime factors of g.
3, 5, 11
Let m(x) = -6*x + 13. What are the prime factors of m(-6)?
7
Let l = 3 + -6. List the prime factors of -32*(-3)/l*-1.
2
Suppose 5*l + 5*y - 360 = 0, -4*y + 61 = 3*l - 154. What are the prime factors of l?
73
Suppose 7*i = -3*l + 2*i - 31, -4*l - 2*i = 18. Let p be 45/(-3)*l/6. Suppose 25 = p*g - 10. What are the prime factors of g?
7
Suppose -5*j = 4*r - 205, 25 = j + 4*j. What are the prime factors of r?
3, 5
Let i(f) = 8*f + 1 - 12*f**2 + f**3 - 21*f - f**2. What are the prime factors of i(14)?
3, 5
Suppose 3*a - a = -34. Let m = a + 30. List the prime factors of m.
13
Suppose 9*w - 1374 - 156 = 0. What are the prime factors of w?
2, 5, 17
Suppose 20*c = 18*c + 112. List the prime factors of c.
2, 7
Let w(b) = b**2 + 5*b - 1. Let f be w(-6). Let s = f + 10. What are the prime factors of s?
3, 5
Suppose 0 = -5*v + a + 17, 3*v = 6*a - 2*a + 17. Let z(u) = -u**2 - 8. Let q(d) = -d**2 - 7. Let p(o) = v*z(o) - 4*q(o). What are the prime factors of p(-3)?
13
Let l = -8 - -3. Let d be ((-3)/l)/((-6)/(-30)). Suppose d*m - j - 64 = 0, -2*m - 3*j = 2*j - 20. What are the prime factors of m?
2, 5
What are the prime factors of 9 - (-352)/(-40) - 718/(-10)?
2, 3
Let t(a) = -28*a + 17. List the prime factors of t(-4).
3, 43
Let x = 253 - 151. Suppose -4*t + x + 26 = 0. Suppose 5*s = 8 + t. List the prime factors of s.
2
Let m(q) = -q**2 - 8*q + 2. Suppose -20 = -o - 4*o, -c = 3*o - 5. List the prime factors of m(c).
3
Suppose 3*m - 232 + 66 = -4*j, -m + 3*j + 77 = 0. What are the prime factors of m?
2, 31
Let o(v) = 8*v**2 + v + 1. What are the prime factors of o(-2)?
31
Let f = 4 - 1. Suppose -f*d + 18 = -0*d. List the prime factors of d.
2, 3
Let d(c) = c - 1. Let t be d(-6). Let h be 3 + -2 + (-2 - 11). Let x = t - h. List the prime factors of x.
5
Suppose 10 - 4 = s. Let x = -2 + s. Suppose 0*j = j - x. What are the prime factors of j?
2
Suppose -3*p + 4*s = -p - 182, -455 = -5*p - 5*s. Suppose 0 = 5*n - 3*j - 8 - 96, 0 = 4*n - 5*j - p. List the prime factors of n.
19
Let c(s) = -s**3 - 9*s**2 - 13*s + 3. List the prime factors of c(-9).
2, 3, 5
Suppose -4*g + 103 = 3*l, -2*g + l + 17 = -g. Let r be (g/(-6) + 2)*-3. Suppose 0 = -r*f + 4*a + 18, 2*f + 4 = -4*a. List the prime factors of f.
2
Let v(h) = -h**3 + 6*h**2 + 9*h - 8. Let d = 6 - -1. List the prime factors of v(d).
2, 3
Let n(z) = -z**2 + 7*z - 4. Let x be n(6). Let i = 7 - x. List the prime factors of i.
5
Let i(r) = -r**3 - 2*r**2 + 7*r + 4. Let z(q) = -2*q**3 - 3*q**2 + 14*q + 9. Let d(p) = -5*i(p) + 2*z(p). What are the prime factors of d(-5)?
2
Let q be (3/(-6))/((-2)/24). Let n = 10 - q. Suppose 0 = -n*h + 16, 2*d - h - 18 = h. What are the prime factors of d?
13
Suppose -6 = -3*w + 9. Suppose 4*h + 25 = 3*q + 2*q, w = q + 3*h. What are the prime factors of q?
5
Let g be 114*(0 - 2/(-2)). Suppose 1 = 5*q - g. Let i = q + -14. What are the prime factors of i?
3
Let l(v) = 1. Let t(z) = -3*z + 6. Let f(g) = -5*l(g) + t(g). List the prime factors of f(-4).
13
Let h(t) = -t + 24. Let p be h(10). Let z = p + 6. List the prime factors of z.
2, 5
Suppose -8*f + 3*f - 2*i - 131 = 0, 0 = 5*i + 15. Let n = -13 - f. List the prime factors of n.
2, 3
Suppose 2 = -h + 2*h. Let s = -40 + 40. Let c = h - s. List the prime factors of c.
2
Let i = 18 - 34. Let o = i + 29. List the prime factors of o.
13
Let h(o) = -2*o**3 + 2*o - 1. Let y be h(2). Let b = 19 + y. What are the prime factors of b?
2, 3
Let w(d) be the second derivative of -d**4/12 + d**3/2 - 3*d**2/2 + 3*d. Let f be w(2). List the prime factors of 2 - f*(2 + 1).
5
Let p be 2/(-12) - 3/(-18). Suppose 0*r - 3*r + 135 = p. What are the prime factors of r?
3, 5
Let b = 12 + -7. Suppose 0 = 2*t - b*t + 21. What are the prime factors of t?
7
Let p(g) = -2*g - 2. Let x be p(2). Let l = x - -18. What are the prime factors of l?
2, 3
What are the prime factors of (-28577)/(-289) - (-2)/17?
3, 11
Let l(b) = b**2 - 5*b + 278. List t